 x(10)?
-1423
Let p(o) = o**3 - 53*o**2 + 11*o + 241. Calculate p(-2).
-1
Let r(h) = -22*h**2 + 1487*h + 36192. Calculate r(-19).
-3
Let f(o) = 14909*o - 253683. What is f(17)?
-230
Let x(p) = p**2 - 15758*p + 1954168. Give x(125).
43
Let r(s) = 1323*s + 35885. Determine r(-28).
-1159
Let b(t) = 63405*t - 3233657. Calculate b(51).
-2
Let s(v) = -932*v + 88440. Give s(95).
-100
Let k(h) = -3254*h - 6497. Calculate k(-2).
11
Let d(z) = 3*z**2 + 97*z - 1418. What is d(-49)?
1032
Let f(s) = -13*s**3 - 149*s**2 - 101*s - 343. Give f(-11).
42
Let o(g) = -11*g**3 - 449*g**2 - 1212*g - 1257. Determine o(-38).
35
Let n(w) = 4459*w**2 - 53510*w + 18. What is n(12)?
-6
Let i(h) = 35*h**2 - 1364*h + 23. Give i(39).
62
Let d(l) = 94*l**2 - 362*l + 12. Determine d(5).
552
Let f(b) = 3*b**2 - 933*b + 56786. Determine f(83).
14
Let l(o) = -o**2 + 24*o + 652. What is l(31)?
435
Let m(y) = -y**3 + 36*y**2 + 242*y - 9704. Determine m(35).
-9
Let o(r) = 9498*r + 66778. Calculate o(-7).
292
Let a(y) = -4*y**2 - 3423*y + 178287. Give a(-905).
2
Let u(l) = 163*l**2 + 38796*l + 439. What is u(-238)?
-37
Let z(o) = -144*o**2 - 3750*o - 245. What is z(-26)?
-89
Let j(p) = -9*p**3 - 37*p**2 - 488*p - 2663. Calculate j(-5).
-23
Let c(i) = 114*i + 16500. Calculate c(-145).
-30
Let j(h) = 1304*h - 4841. Calculate j(4).
375
Let t(o) = o**2 + 835*o + 169825. Calculate t(-485).
75
Let d(q) = 3*q**3 - 3119*q**2 - 134050*q + 6506. Calculate d(1081).
20
Let j(s) = -s**3 + 48*s**2 + 5826*s - 218. Calculate j(104).
-10
Let i(a) = 342*a + 54016. What is i(-158)?
-20
Let l(b) = -b**3 - 12*b**2 + 693*b - 1388. Calculate l(2).
-58
Let y(g) = 2*g**2 - 219*g - 1355. Determine y(-6).
31
Let y(a) = 6*a**3 - 91*a**2 + 293*a - 240. What is y(2)?
30
Let j(v) = -23*v**2 - 864*v + 1575. Determine j(-39).
288
Let t(n) = 7*n**3 - 71*n**2 + 337*n - 1740. What is t(8)?
-4
Let q(s) = -s**3 + 20*s**2 + 383*s + 14. Determine q(32).
-18
Let i(v) = -9*v**3 + 22*v**2 + 66*v + 12. Determine i(-4).
676
Let w(c) = 6336*c + 171661. Determine w(-27).
589
Let a(q) = -5847*q - 17611. Give a(-3).
-70
Let j(m) = -3066*m + 1450231. What is j(473)?
13
Let b(h) = h**2 - 1538*h + 66231. Determine b(44).
495
Let l(s) = 143*s**2 + 653*s - 1306. Calculate l(2).
572
Let s(v) = -37*v**2 + 18717*v - 130903. What is s(7)?
-1697
Let u(q) = -4*q**3 - 6*q**2 + 41*q + 257. Give u(-5).
402
Let j(f) = f**3 + 42*f**2 - 267*f + 970. Calculate j(-49).
-2754
Let b(q) = 172388*q - 1379092. Calculate b(8).
12
Let a(b) = -17*b**3 - 2*b**2 - 86*b + 247. Determine a(3).
-488
Let l(f) = 3*f**3 + 413*f**2 + 7544*f + 464. Determine l(-116).
0
Let f(x) = x**3 + 45*x**2 - 1299*x - 174. Determine f(20).
-154
Let n(i) = i**3 - 16*i**2 + 1118*i - 15250. Give n(14).
10
Let i(f) = -1845*f - 97782. What is i(-53)?
3
Let m(i) = -148*i - 20132. Give m(-136).
-4
Let i(z) = 13773*z + 110034. Give i(-8).
-150
Let l(f) = f**2 - 563*f - 12349. Give l(-21).
-85
Let v(a) = -65*a**2 - 451*a - 396. Give v(-1).
-10
Let s(u) = 3424*u + 250042. Give s(-73).
90
Let u(l) = -882*l**3 - 67*l**2 + 4*l + 30. What is u(-2)?
6810
Let v(j) = -3*j**3 + 376*j**2 - 114*j - 1362. Determine v(125).
13
Let f(j) = j**3 + 327*j**2 - 71550*j - 5. Give f(150).
-5
Let s(v) = -115*v + 688. Calculate s(0).
688
Let i(u) = u**2 + 66*u + 914. Give i(-23).
-75
Let i(n) = 211*n + 3985. Calculate i(-17).
398
Let k(q) = 720*q - 10008. Give k(15).
792
Let i(t) = 25*t**2 + 307*t + 945. Give i(-9).
207
Let p(i) = 225*i**2 + 1013*i - 6. Calculate p(-6).
2016
Let p(k) = -24*k**2 - 9565*k - 19048. Calculate p(-2).
-14
Let c(y) = 4*y**3 - 16*y**2 + 746*y - 3824. What is c(5)?
6
Let j(w) = -5240*w + 5215. What is j(1)?
-25
Let u(l) = 13610*l - 258628. Determine u(19).
-38
Let b(q) = -361*q + 1349. Determine b(4).
-95
Let j(m) = -2*m**3 - 50*m**2 - 6*m - 2118. Give j(0).
-2118
Let m(i) = -80872*i + 808715. Give m(10).
-5
Let f(s) = -3*s**2 + 26688*s - 559140. Give f(21).
-15
Let s(z) = z**3 - 31*z**2 + 306*z - 719. Determine s(17).
437
Let j(x) = 4*x**2 - 22*x - 286. Determine j(-12).
554
Let z(d) = 11*d**2 - 174*d + 164. Calculate z(13).
-239
Let r(z) = -2*z**2 + 257*z - 6908. Give r(37).
-137
Let r(x) = -8075*x - 80105. What is r(-10)?
645
Let z(n) = -89*n + 2791. What is z(49)?
-1570
Let v(t) = 1063*t - 173293. Determine v(163).
-24
Let z(b) = -906*b**3 + 146*b**2 - 146*b. Calculate z(1).
-906
Let n(a) = -1121*a + 33626. What is n(30)?
-4
Let j(z) = -7*z**2 - 75*z - 580. Give j(-10).
-530
Let m(b) = 10*b**2 - 1562*b + 252. Calculate m(156).
-60
Let h(l) = -6362*l - 826757. Give h(-130).
303
Let l(r) = -24*r**2 + 842*r - 7362. What is l(18)?
18
Let f(y) = -y**3 - 144*y**2 - 2466*y - 11309. Give f(-125).
66
Let f(j) = -j**2 + 1371466*j + 9600302. Calculate f(-7).
-9
Let u(n) = 2*n**2 - 525*n + 23868. Calculate u(58).
146
Let f(l) = -35436*l - 2764000. Determine f(-78).
8
Let i(o) = o**3 - 17*o**2 + 47*o + 110. What is i(14)?
180
Let g(a) = 1470*a + 6570. Give g(-1).
5100
Let h(f) = -69*f**3 - 3303*f**2 + 7350*f. Determine h(-50).
0
Let l(t) = 6*t**3 + 28*t**2 + 13*t - 56. Give l(-3).
-5
Let d(b) = 5*b**2 - 7547*b + 2590900. What is d(528)?
4
Let r(h) = 5*h**2 + 187*h + 1987. Calculate r(-21).
265
Let q(j) = 28*j**2 - 757*j + 735. What is q(1)?
6
Let h(k) = 91*k**2 + 254*k - 94. Determine h(6).
4706
Let r(m) = m**3 + 32*m**2 - 396*m - 4796. Give r(-39).
1
Let s(h) = -36*h**3 - 9433*h**2 - 271*h + 758. Calculate s(-262).
3116
Let u(a) = -8*a**2 + 907*a + 5614. Determine u(-6).
-116
Let k(p) = 34*p**3 + p**2 + 74*p - 195. Determine k(4).
2293
Let s(i) = -27370*i**2 - 164197*i + 147. Determine s(-6).
9
Let u(r) = 113*r**2 - 23611*r - 1220. Give u(209).
34
Let n(u) = -96*u**2 - 380*u + 34. Give n(-4).
18
Let q(b) = 6*b**3 + 68*b**2 - 32*b + 2677. Give q(-14).
-11
Let c(b) = -90*b - 2491. Determine c(-30).
209
Let b(u) = -4*u**2 + 5181*u - 30957. Give b(6).
-15
Let m(b) = -b**3 + 150*b**2 + 44*b - 5478. Calculate m(6).
-30
Let u(i) = 1253*i + 554207. Calculate u(-442).
381
Let z(s) = -21*s**2 + 676*s - 1927. What is z(27)?
1016
Let p(t) = t**3 - 41*t**2 + 229*t + 316. What is p(10)?
-494
Let n(t) = 6*t**2 + 650*t - 6089. Calculate n(-117).
-5
Let i(g) = -g**2 - 35*g - 157. Calculate i(-28).
39
Let w(v) = -10*v**2 + 117*v + 881. Calculate w(-5).
46
Let n(k) = 3*k**3 + 9*k**2 + 666*k - 3693. What is n(5)?
237
Let h(p) = -2737*p + 180630. Give h(66).
-12
Let g(p) = -3474*p + 319599. What is g(92)?
-9
Let k(y) = 4046*y**2 + 44511*y + 45. Determine k(-11).
-10
Let w(q) = q**3 + 363*q**2 - 1558*q + 103761. Calculate w(-368).
-15
Let w(g) = -6*g**2 + 9923*g + 49739. Give w(-5).
-26
Let v(b) = -43*b**2 - 9*b + 12. Give v(2).
-178
Let i(n) = -3*n**3 - 33*n**2 - 1451*n - 8160. Give i(-6).
6
Let s(z) = 10*z**2 + 834*z + 2775. Calculate s(-80).
55
Let j(a) = 13*a**3 + 391*a**2 - 3024*a - 91623. Calculate j(-30).
-3
Let b(i) = 2*i**2 - 33*i + 123. Give b(-37).
4082
Let d(u) = -1632*u - 32427. Determine d(-20).
213
Let i(c) = c**3 + 30*c**2 + 102*c - 13. What is i(-11)?
1164
Let d(a) = 4*a**2 - 130*a - 399. Determine d(-3).
27
Let s(t) = 988*t - 37269. Give s(38).
275
Let b(o) = -2*o**3 - 3*o**2 + 466*o + 4297. What is b(-9)?
1318
Let s(o) = 3*o**2 - 592*o - 35362. What is s(-48)?
-34
Let b(v) = v**3 - 40*v**2 - 474*v - 7851. Calculate b(52).
-51
Let f(r) = -r**3 - 32*r**2 - 240*r - 9004. Determine f(-33).
5
Let x(d) = -501*d - 13245. Calculate x(-25).
-720
Let t(z) = 45*z**2 + 606*z - 158. Determine t(-14).
178
Let j(y) = 2*y**3 - 79*y**2 + 207*y + 3986. Give j(35).
206
Let l(y) = -y**3 + 385*y**2 + 1142*y + 8639. What is l(388)?
103
Let y(t) = 171*t**2 + 8375*t + 31. Calculate y(-49).
227
Let z(f) = 2*f**3 - 18*f**2 + 16*f - 54. Determine z(9).
90
Let p(y) = -305*y + 2942. Determine p(10).
-108
Let w(c) = c**2 - 2700*c - 132960. Calculate w(-49).
1741
Let t(j) = 18*j**3 + 342*j**2 + 119*j + 2343. Determine t(-19).
82
Let s(k) = -1629*k - 4736. Determine s(-3).
151
Let s(d) = d**3 + 1317*d**2 + 3957*d + 55. What is s(-3)?
10
Let b(t) = t**2 + 122*t - 7274. What is b(44)?
30
Let l(o) = o**3 - 22*o**2 - o + 59. Calculate l(20).
-761
Let g(x) = -17*x**3 + 203*x**2 - 47*x + 91. Calculate g(12).
-617
Let r(a) = a**3 - 25*a**2 - 1709*a + 44689. What is r(27)?
4
Let t(f) = -49*f**3 - 2*f + 2041. Give t(0).
2041
Let b(h